-9*m = 5*k - 14*m - 10. What is d(k)?
20
Let h(y) = y**3 + 7*y**2 + 3*y + 3. Suppose 3*s + l = 5*l - 1, -2*l = 10. Give h(s).
-18
Suppose -5*x + 2*p = -38, 13*x - 6*p + 66 = 16*x. Let n(v) = -v**2 - v + 72. Calculate n(x).
-38
Let j(p) = -p**3 - 3*p**2 + 2*p + 2. Let m = 261 - -44. Let n be (-61)/m*(1 - 11). Calculate j(n).
-14
Let a(l) = l**3 - 9*l**2 - 21*l - 13. Let g = -12097 + 12108. Give a(g).
-2
Let k(c) = -10*c + 2. Suppose 53*a + 0 = 106. Calculate k(a).
-18
Let j(q) be the first derivative of 36 - 3/2*q**2 + 2/3*q**3 + 0*q. Let o = -1 + 3. Calculate j(o).
2
Let z be (48/(-9))/(1/9). Let n = -43 - z. Let f be -14*n/10*1. Let l(t) = -t - 4. Calculate l(f).
3
Let i(f) = -f**3 - 7*f**2 + 9*f + 18. Let z = 10839 - 10847. Determine i(z).
10
Let g(k) = -1323*k**3 + 3*k - 3 + 2731*k**3 - k**2 - 1397*k**3. Give g(1).
10
Let a be 4/2 - (-14 - -25). Let n(t) = 5*t - 19. Let d(p) be the first derivative of 2*p**2 - 18*p + 4. Let g(i) = 6*d(i) - 5*n(i). Give g(a).
-4
Let u = -23 + 22. Let z be (25/20)/(u/(-4)). Let b(o) = 3 - z - 8*o**2 + o**3 - 102*o + 110*o + 0*o**3. Calculate b(6).
-26
Let h(q) = -398*q - 502. Let g(c) = -37*c - 46. Let y(n) = -32*g(n) + 3*h(n). Determine y(-3).
-4
Suppose 12 = 17*b - 11*b. Let g(z) = z**2 - 7*z - 5. Let l be g(8). Let m(x) = 0*x - 7*x + x**b + x**l - x + 1 + 6*x. Calculate m(-3).
-11
Let o(s) = s**2 - 5*s + 1. Suppose 243*q + 18 = 246*q. Let k be (3/(-3) - -2 - 1)/(-2). Suppose k = -5*z + w + 5 + 3, -z - q = -4*w. Determine o(z).
-5
Let y(t) = t**3 + 1306 - 2*t**3 - t**3 + 6*t + 1252 - 2566. Give y(-4).
96
Let o be (-6)/(-18)*0*(3 - 6/3). Let q(r) = -2*r**3 - 9*r - 5. Give q(o).
-5
Suppose 10 = -3*t + 5*m, -4*m - 4 = -4*t - 6*m. Suppose -o + 2 = f - t*o, 6 = 3*f + o. Let g(w) = 0*w - 3*w - 6*w**2 + 11*w**2 + 3 - 6*w**f. Calculate g(-4).
-1
Suppose -1 = -k + 3. Let y(f) = -f - 1. Let x(h) be the second derivative of 4*h**3/3 + 3*h**2/2 - 78*h. Let s(d) = x(d) + 6*y(d). What is s(k)?
5
Let s(t) be the third derivative of -t**6/120 + t**5/20 - t**4/6 + t**3 - t**2 + 34. Let q be s(3). Let k(d) = -d**3 - 6*d**2 + 2*d + 7. Calculate k(q).
-5
Let o(d) = -1476*d + 22 + 1466*d - 93*d**3 + 92*d**3 + 3*d**2. Determine o(2).
6
Let g(a) = 3*a - 21. Let w be g(8). Let i(r) = -r - 4. Let z be (-6)/15 + ((-56)/10 - 0). Let d(m) = -1. Let l(k) = z*d(k) + i(k). Calculate l(w).
-1
Let u be 18/15*10/6. Let z be (16/(-24))/(u/18). Let n be (-2 - z)/(28/21). Let f(o) = o**3 - 2*o**2 - 3*o - 2. Determine f(n).
-2
Let x(g) = -g - 12. Let a be (-20)/(-30) - (-4)/3. Suppose -3*m - 6 = -m, a*o = -4*m - 24. Give x(o).
-6
Let i(n) = 2*n**3 - 4*n**2 + n - 1. Let r(y) = -21*y**3 + 32*y**2 - 12*y + 7. Let p(m) = -10*i(m) - r(m). What is p(-7)?
38
Let w(t) = -3*t**2 + 185*t - 417. Let y be w(59). Let s(q) = -6*q + 331. Calculate s(y).
1
Let j(d) be the second derivative of 7*d**4/3 - 2*d**3/3 + 5*d**2/2 + 8*d + 59. Determine j(2).
109
Let c(j) = 0 + 12 + 2*j + 0*j - j. Let h be c(-6). Let l(v) = 2 - 6*v + 2*v + 0*v + 2*v. Calculate l(h).
-10
Let m(c) = -c**2 - 3*c + 5. Let q be m(-5). Suppose 2 = t, -3*j + 30 - 4 = 4*t. Let x(f) = f**3 + j*f**2 - 147*f + 305*f - 152*f - 2. Give x(q).
-7
Let y(a) = -4*a**2 - 1. Let z = 34 + -22. Suppose 5 = -o + z. Suppose o = 3*c + 13. Give y(c).
-17
Let u(m) = m**3 - 19*m**2 + 13*m + 80. Let g = 5883 - 5865. What is u(g)?
-10
Let x(y) be the third derivative of y**5/30 + 5*y**4/8 + 10*y**3/3 - 979*y**2 + 1. Determine x(-9).
47
Let s be (-119)/51*(5 + 1*-2). Let g be 3/(-7) + 2 - 3/s. Let p(d) = 6*d**3 - 4*d**g - 7*d**3 + 0*d - 2*d**2 + 3 + 7*d. Calculate p(-7).
3
Let c = -4938 - -4942. Let g(m) = -4*m + 16. Determine g(c).
0
Let q be -32 - (-9 + (-90)/15). Let y(v) = -v**3 - 18*v**2 - 18*v + 35. Determine y(q).
52
Suppose 0 = -32*y + 99 - 35. Suppose 12 = c + 3*k - y, 2*k = -3*c + 21. Let b(n) = n**2 - 2*n. Determine b(c).
15
Let q(z) be the second derivative of z**4/4 + z**3 - 2*z**2 + 1070*z. What is q(1)?
5
Let y(c) = -4*c**3 - 11*c**2 + 4*c + 10. Let t(q) = -5*q**3 - 12*q**2 + 4*q + 23. Let x(h) = -2*t(h) + 3*y(h). What is x(-5)?
-11
Let l(q) = 4*q - 58. Let f(c) = 6*c**3 - 19*c**2 + c + 21. Let w be f(3). Calculate l(w).
2
Let v(w) = -7*w + 48. Let n be v(6). Suppose 100 = -n*x + 46. Let z(r) = r**2 + 8*r - 5. Give z(x).
4
Suppose -4*v = -0*v - 5*g - 6, 2*g = 5*v - 16. Suppose 5 = -3*x + 4*i, -4*x + v = -i + 15. Let r(m) = m + 4. What is r(x)?
1
Let r(l) = l**2 - 15*l + 3. Let x be r(15). Let a(h) = x*h**2 - 75*h - 4 - 4*h**2 + 64*h - 2. Determine a(-10).
4
Suppose -6*q = -7 - 5. Let t(j) = 2*j**2 + j**3 - 9*j**q + 8*j**2. Let h = 99 - 97. Calculate t(h).
12
Let u(v) = -v**2 + 10*v + 12. Suppose 0 = 9*m - 7 - 20. Suppose -35 = -4*c + m*r, c + 3*r + 24 = 4*c. What is u(c)?
1
Let a(h) = 2*h + 8. Suppose -5*k + 3 + 102 = 0. Suppose 0*x + 4*x = 2*i - 6, 5*i + k = -2*x. Let w(j) = 2*j + 9. Let u(v) = x*w(v) + 4*a(v). What is u(-6)?
-7
Suppose -2*l + 7 = 3. Let u(r) = 8*r + 0 - 1372*r**2 - 6 + 1371*r**l + r. Determine u(8).
2
Let v(s) = -s**3 + 9*s**2 - 15*s + 10. Let k be v(7). Let o be (k/6)/(3/30). Suppose 3*p = 9, 3*l + 7*p + 21 = o*p. Let c(h) = -h**2 - 9*h - 8. What is c(l)?
-8
Let z(a) = -a + 6. Let c(j) = -1. Let b(r) = -2*c(r) - z(r). Suppose 20 = 4*i + 4*p, 5*i + 1691*p = 1690*p + 21. Give b(i).
0
Let t(o) be the third derivative of o**6/120 - o**5/10 + o**3 - 69*o**2 + 2*o. Let y(m) = 17*m - 11. Let q be y(1). Determine t(q).
6
Let o be (-201)/(-9) - (-2 - 21/(-9)). Let y = -20 + o. Let v(z) = -3*z**y - 4*z - 6*z**3 + 4 + 7*z**3 - 5 + 6. Give v(4).
5
Let t(v) = 3*v**2 - 30*v + 18. Let r(h) = 5*h**2 - 47*h + 28. Let l(z) = 5*r(z) - 8*t(z). Determine l(-8).
20
Let g(d) = d - 8. Suppose -19 - 17 = -2*s - 2*k, s - 18 = k. Suppose -x = s - 8. Give g(x).
-18
Let o be 176/14 + (-6 - 380/(-70)). Let g(a) = -2*a**3 + o*a**2 + 2843 + a**3 - 2837. Calculate g(12).
6
Let i(d) = 0*d + 160 + 152 + d - 313. Let y(u) = -u**3 - 5*u**2 + 5*u - 3. Let v be y(-6). Suppose 0 = -3*m - v, 4*t + 3 = -4*m + 11. Calculate i(t).
2
Let c(v) be the first derivative of -1/3*v**3 - 2*v - 4*v**2 + 85. Let z(a) = -a**3 + a**2 + a - 6. Let o be z(0). Calculate c(o).
10
Let i(j) = -2*j + 2. Suppose -58 + 13 = -9*g. Suppose 3*u + 2*f + 1 = 0, 11 = 3*u - 2*u - g*f. Calculate i(u).
0
Suppose -603*a = -1043*a + 2200. Let w(v) = 9 + 3*v - 7*v + 3. Let b(d) = -1. Let g(k) = -5*b(k) - w(k). Give g(a).
13
Let v(x) = 2*x**2 - 10 - x**2 + 7 + 16*x - 19. Let z be v(-17). Let g(p) = -p**3 - 6*p**2 - 6*p - 6. Calculate g(z).
-1
Let c(x) = -x**2 + 21*x - 18. Let d be ((-1125)/675)/(2/(-18)). What is c(d)?
72
Let r(x) be the first derivative of -x**4/4 - 5*x**3/3 - x**2 + 6*x + 1373. Suppose 0 = -3*c + 3*h - 11 - 13, 0 = c + 3*h - 4. Give r(c).
16
Let y(f) = 7*f**3 + 13*f**2 + 2*f - 7. Let v(h) = -h**3 - 2*h**2 + 2. Suppose -136*l - 42 = -129*l. Let r(g) = l*v(g) - y(g). What is r(0)?
-5
Let q(r) = -4*r - r + r. Let b be (-18)/(-27) + ((-200)/(-240))/((-2)/4). Determine q(b).
4
Let y = -298 - -304. Let d(r) = -y*r + 445 + 443 - 886. What is d(2)?
-10
Let p(h) = -31*h**3 - 165*h**2 + 88*h + 206. Let y(i) = 11*i**3 + 56*i**2 - 29*i - 68. Let t(g) = -6*p(g) - 17*y(g). Determine t(37).
-6
Let s(g) = 5*g + 10*g + 172 + 22 - 13*g + 3*g. Give s(-38).
4
Suppose -31 = 4*s - 55. Let a(w) be the first derivative of -w**5/120 + 5*w**4/12 + 4*w**3 - 5. Let h(x) be the third derivative of a(x). Calculate h(s).
4
Let t(g) = g**3 - 6*g**2 - 2*g + 9. Let w be t(4). Let l = w + 34. Let v(d) be the second derivative of -d**4/12 - d**3/2 + 2*d**2 + d. Determine v(l).
-14
Let p = -55 - -78. Suppose -7*n + p = -173. Let d(b) = -31 - n + 68 + b. Determine d(-4).
5
Let c(u) = -16*u**2 + 54*u + 101. Let l(w) = -9*w**2 + 27*w + 50. Let r(x) = 4*c(x) - 7*l(x). Calculate r(29).
-4
Let h(k) = 4*k - 1. Let b(s) = 22*s + 4. Let f(j) = -b(j) + 5*h(j). Calculate f(7).
-23
Let t(s) = 3 - 13*s + 1 + 2 - s**2 + 7*s. Let j be (-3)/((-5)/10*(-6)/5). Let i(y) = y**2 + 6*y. Let k be i(j). Determine t(k).
11
Let t(d) = -200*d + 433*d - d**2 + 6 - 242*d. What is t(-12)?
-30
Let z(j) be the first derivative of -1/2*j**2 - 19 + 1/6*j**4 - 1/20*j**5 + 8*j + 5/6*j**3. Let n(w) be the first derivative of z(w). Determine n(4).
-13
Let d be 2 - 6 - (-14 - (-30)/5). Let u(t) = t**2 + 2*t -